t p = 2 - -2. Suppose p*f - 11 = 181. Calculate the remainder when f is divided by h.
14
Let t = -508 - -518. What is the remainder when t is divided by 6?
4
Let j(p) = -4*p - 7. Let t(x) = 5*x + 6. Let n(y) = 3*j(y) + 2*t(y). Calculate the remainder when 79 is divided by n(-18).
25
Let g = 146 - 90. What is the remainder when 441 is divided by g?
49
Suppose 4*z = -z + 285. Let j = z + -28. Suppose w - 5*w = 3*a - j, -w = a - 8. What is the remainder when 14 is divided by a?
2
Let w(z) = 13*z**3 - 3*z**2 + 2. Calculate the remainder when 72 is divided by w(1).
0
Let g(k) = 2*k**2 - 27*k + 106. What is the remainder when g(14) is divided by 42?
36
Let f(v) = v**2 + 21*v - 7. Let k be f(-17). Let x = k - -79. Suppose 31 = 4*r - 21. What is the remainder when r is divided by x?
1
What is the remainder when 34 is divided by -6 - 198/(-6 + 0)?
7
Suppose -5*c = -68 - 2. Let x(z) = -6*z**2 - z - 2. Let m(l) = 5*l**2 + 2. Let p(j) = -7*m(j) - 6*x(j). Calculate the remainder when p(3) is divided by c.
11
Suppose 3*f + 0*x - 2*x - 237 = 0, -4*x = 3*f - 255. Let c = 131 - f. What is the remainder when c is divided by 27?
23
Suppose -4 = 2*a - 148. Suppose 4*w + a - 284 = 0. Suppose 3*r - w - 49 = 0. Calculate the remainder when r is divided by 18.
16
Let b be ((4/(-7))/2)/(17/(-119)). Suppose 0 = 4*v + 4*q - 324, 4*q - q + 142 = b*v. Calculate the remainder when v is divided by 10.
7
Let p(z) = -z**2 + 11*z + 21. Let u = -43 + 54. Suppose 7*v - 324 = 3*v. Calculate the remainder when v is divided by p(u).
18
Let h be (-3564)/(-24) + 1/(-2). Suppose -3*r - 57 = 3*z + 99, -3*r = -z + h. Calculate the remainder when ((-580)/r)/(2/10) is divided by 20.
18
Let d(f) = -12*f + 289. Calculate the remainder when d(9) is divided by 39.
25
Let t(z) = 2*z + 9. Let g be (3 - (3 + 3))/((-3)/16). Calculate the remainder when 243 is divided by t(g).
38
Let n = 8 + -12. Let r = -7 - n. What is the remainder when 16 is divided by (r + 0)/((-5)/15)?
7
Suppose -u = -2*u - 8. Let a(r) = r**2 + 7*r - 6. Let k be a(u). Calculate the remainder when 43 is divided by (0 - k)*(-30)/4.
13
Let s(l) = 3*l**2 - 3*l + 4. Let m be s(2). Let x = m + -30. Let p = x - -34. Calculate the remainder when p is divided by 5.
4
Suppose 5*l + 7 - 27 = 0. Suppose -c + 57 + 23 = 3*r, 0 = -4*r + l*c + 128. What is the remainder when 80 is divided by r?
24
Let o = 9 + 5. Suppose 3*m - o = 1. What is the remainder when 17 is divided by m?
2
Let a(o) = -4*o**2 + 2*o. Let y be a(-2). What is the remainder when 29/5 + 1 - 4/y is divided by 5?
2
Suppose -3*b + 12 = -5*x, -3*b + 2*x = -2*x - 15. Calculate the remainder when ((-24)/(-10))/((-2)/(-10)) is divided by b.
3
Let o(p) = 19*p - 53. Let r be o(-13). Let w = -158 - r. Calculate the remainder when w is divided by 24.
22
Let l(s) = -6*s + 119. What is the remainder when l(9) is divided by 17?
14
Let y(w) = 2*w**2 - 23*w + 19. What is the remainder when y(13) is divided by 21?
16
Suppose -7*g + 52 = -3*g. Calculate the remainder when 3/(-1) + (-54)/(-1) is divided by g.
12
Let p(j) = 0*j**3 - j**2 + 6 + 0 - j**3. Let o be p(0). Suppose z + 165 = o*z. What is the remainder when 129 is divided by z?
30
What is the remainder when 120 + 2 + 1 + (6 - 3) is divided by 26?
22
Let r = 125 - 105. What is the remainder when 218 is divided by r?
18
Let k = -394 - -820. Calculate the remainder when k is divided by 114.
84
Let h(j) = j**2 - 10*j + 4. What is the remainder when 2/1 - (-19 - 32) is divided by h(12)?
25
Let s be 6/((-6)/3)*-1. Suppose 3*f - 44 = -p, 3*f - p + s = 37. Let w(m) = 3*m**3 + 2*m**2 - 1. What is the remainder when f is divided by w(1)?
1
Let m = 20 - 26. Let d(r) = r + 23. Let c(z) = -z**3 - 10*z**2 - 12*z + 4. Calculate the remainder when c(-9) is divided by d(m).
14
Let x = -70 + 107. Let s(m) = -17*m + 57. Let a be s(12). Let z = a - -157. What is the remainder when x is divided by z?
7
Suppose -2*w + 14 = -2*l, -w - 2*w - 4 = 2*l. Suppose 2*a = 0, -f - 2*a = w*f - 96. Calculate the remainder when 126 is divided by f.
30
Let o = -257 - -72. Let y = o + 305. Calculate the remainder when y is divided by 31.
27
Let q(p) = -2*p - 33. Let s be q(-16). What is the remainder when 34/s*(-12)/24 is divided by 9?
8
Let q be (-70)/(-4)*(-32)/(-20). Let g = 37 - q. Calculate the remainder when g is divided by 5.
4
Let s(t) = 7*t**2 + 26*t - 72. What is the remainder when 284 is divided by s(3)?
8
Calculate the remainder when 32 is divided by 8 - (-3)/((-12)/8).
2
Suppose -79 = -8*x + 33. Suppose x = 3*n - 28. What is the remainder when 55 is divided by n?
13
Let i(m) = 4*m**2 + 9*m - 13. Let a be i(2). Suppose 5*z = -3*f - 4 + 28, -5*z = 2*f - a. Calculate the remainder when 11 is divided by z.
2
Suppose 0 = k - 3*u - 9, -2*k - 5*u + 29 = -0. Let t be k/15 - (-108)/15. What is the remainder when 31 is divided by 12/(4*3/t)?
7
Let m be ((-85)/20)/(2/(-176)). Suppose 0 = -10*j + m - 154. Suppose 3*k + 2 = 14, 0 = 3*b - k - 191. What is the remainder when b is divided by j?
21
Suppose 0 = -4*h + 4*x + 12, 5*h = -0*x + 3*x + 13. Let t(m) = 2*m - 1. Let a be (-2)/(-3) + (-49)/(-21). Calculate the remainder when t(a) is divided by h.
1
Let x(c) = -4*c + 15. Let p be x(-15). Suppose 0 = 4*y + z - p, 0*z = -z + 3. What is the remainder when 44 is divided by y?
8
Let o = 34 - 64. What is the remainder when 67 is divided by (-514)/o + 12/(-90)?
16
Let i = -49 - -23. What is the remainder when 37 is divided by (-3)/(3 - 4)*i/(-6)?
11
Suppose 0 = 2*m - 3*m. Suppose v - 83 + 14 = m. Calculate the remainder when v is divided by 14.
13
Calculate the remainder when 97 is divided by (-21)/(16 - 9) - (-34 - 3).
29
Let q(u) be the first derivative of 0*u + 5*u**2 - 7*u**2 - 5*u + 3*u**2 - 10. Calculate the remainder when q(11) is divided by 10.
7
Suppose 3*s - 2*s - 4 = 0. Let x(u) = u. Let a be x(2). Suppose 3*l - 5*b = 54, -4*b = a*l + l - 81. Calculate the remainder when l is divided by s.
3
Let v(b) be the first derivative of -b**4/4 + b**3/3 + 114*b - 2. Let g be -4 + (3 - 1 - -2). Calculate the remainder when v(g) is divided by 29.
27
Suppose -4*o + 5*c + 17 = -1, -4*o + c + 26 = 0. Let n = -5 + o. Suppose n*y - 12 = 24. Calculate the remainder when 53 is divided by y.
17
Let a(p) = p - 13. Let z(u) = 4*u - 38. Let m(t) = -7*a(t) + 2*z(t). Let n be m(-10). Suppose 10*g - 390 = n*g. Calculate the remainder when g is divided by 20.
18
Let a = -545 - -759. What is the remainder when a is divided by 58?
40
Let t = -168 + 169. Calculate the remainder when 98 is divided by (t - 161/(-6)) + 1/6.
14
Suppose 0 = 21*z - 23*z + 12. Suppose 0 = -z*l + 3*l - 15, -4 = -2*v - 4*l. Calculate the remainder when 142 is divided by v.
10
Suppose -j - z = 11, -z + 12 = -5*z. Let c = 33 + j. What is the remainder when 123 is divided by c?
23
Let o(n) = 9*n**2 + 20*n + 32. Let u(x) = -4*x**2 - 10*x - 16. Let b = 9 + -6. Let j(y) = b*o(y) + 7*u(y). What is the remainder when 19 is divided by j(-7)?
4
Let m be 12*(-4)/3*(-7)/28. Calculate the remainder when (28/(-7))/(m/(-94)) + 1 is divided by 25.
20
Let s(z) = -z**3 - 9*z**2 + 11*z - 19. Calculate the remainder when s(-11) is divided by (-6)/(3/(30/(-4))).
12
Suppose -3*y + 162 = -4*d, 5*d + 8 + 107 = 2*y. Calculate the remainder when y is divided by 42.
8
Suppose m - 4*u - 47 = 0, 10 = 2*m + u - 102. What is the remainder when 107 is divided by m?
52
Suppose -13 = -5*o + 112. Let v = o - 7. Let n = -68 - -119. What is the remainder when n is divided by v?
15
Suppose -5*r + 49 = -121. Suppose 4*x - 8 - 16 = 2*g, x = 3*g + 11. Suppose 2*i - 18 = -y, 4 = i + y - x. Calculate the remainder when r is divided by i.
7
Suppose -130*y + 2499 = -109*y. What is the remainder when y is divided by 23?
4
Suppose 228 - 278 = -t. Calculate the remainder when 147 is divided by t.
47
Suppose 65*q - 1716 = -q. What is the remainder when 94 is divided by q?
16
Let r be (7/((-168)/54))/(6/(-16)). What is the remainder when 205 is divided by 4*(468/48)/(r/4)?
23
Let r = -150 + 180. Calculate the remainder when 148 is divided by r.
28
Suppose f + 0*f = -2*w + 1429, f + 5 = 0. What is the remainder when w is divided by 40?
37
Suppose 5*w + 69 = j, 0*w + 74 = -5*w - 4*j. Let l(x) = x + 22. What is the remainder when 23 is divided by l(w)?
7
Let x(n) = -